3282009 composite?
True
Is 45231209 a composite number?
False
Is 49807 prime?
True
Is 2239301 composite?
False
Is 10339411 a composite number?
False
Is 770863 prime?
True
Is 157844933 composite?
True
Is 84585593 a composite number?
True
Is 45481 a prime number?
True
Is 132188137 a prime number?
True
Is 209743271 a composite number?
False
Is 191804111 a composite number?
True
Is 36815923 composite?
False
Is 7476347 a prime number?
False
Is 67704551 composite?
False
Is 644729 prime?
True
Is 18716899 a prime number?
True
Is 18826447 a prime number?
True
Is 41001869 composite?
True
Is 6832451 a prime number?
True
Is 34254491 a prime number?
True
Is 22984579 a composite number?
False
Is 2157779 a composite number?
True
Is 4078177 a prime number?
False
Is 16862423 a composite number?
True
Is 112524506 composite?
True
Is 77132917 a prime number?
False
Is 11894471 a composite number?
False
Is 105343609 prime?
False
Is 40464923 a prime number?
True
Is 4488035 a prime number?
False
Is 4173461 prime?
False
Is 4628927 a prime number?
False
Is 67886917 composite?
True
Is 3090431 a prime number?
True
Is 1580339 composite?
False
Is 4536463 a composite number?
False
Is 313081 prime?
True
Is 1504949 prime?
True
Is 43365083 composite?
True
Is 142063211 prime?
True
Is 44009303 composite?
True
Is 688642 composite?
True
Is 316339843 composite?
False
Is 6078453 a prime number?
False
Is 136938053 prime?
False
Is 1170349 composite?
False
Is 3776167 a composite number?
False
Is 284105497 prime?
False
Is 126850013 composite?
True
Is 10716481 a prime number?
True
Is 44525563 composite?
False
Is 29364869 a prime number?
True
Is 19882817 prime?
True
Is 80594302 a composite number?
True
Is 1525819 a prime number?
True
Is 4505533 a composite number?
False
Is 8345501 a composite number?
False
Is 160679929 composite?
False
Is 1379893 a prime number?
False
Is 10085563 a composite number?
True
Is 306778961 a composite number?
False
Is 26974081 prime?
True
Is 23711437 a prime number?
True
Is 58311731 a prime number?
True
Is 103628897 prime?
False
Is 86530174 a prime number?
False
Is 11054177 prime?
True
Is 15456613 a prime number?
True
Is 9056533 prime?
False
Is 49608697 a composite number?
False
Is 17793131 prime?
True
Is 82667929 a composite number?
False
Is 20978197 prime?
True
Is 92859749 prime?
False
Is 112945727 composite?
False
Is 28521893 prime?
False
Is 175259699 prime?
True
Is 208274767 composite?
True
Is 280651739 a prime number?
True
Is 682820797 a composite number?
False
Is 10171619 a prime number?
False
Is 74210177 a prime number?
False
Is 15252067 composite?
True
Is 626277 a prime number?
False
Is 1658749 prime?
True
Is 7206137 composite?
True
Is 28300213 a composite number?
False
Is 2900893 a composite number?
False
Is 52583 prime?
True
Is 150744161 a prime number?
True
Is 21222989 a prime number?
False
Is 29703719 composite?
False
Is 99110903 composite?
False
Is 75424079 prime?
False
Is 86386537 a prime number?
False
Is 5199191 composite?
True
Is 605323 a prime number?
True
Is 323526473 prime?
False
Is 7394081 a composite number?
False
Is 333337379 composite?
True
Is 9109057 a composite number?
True
Is 59823587 a prime number?
True
Is 169061323 prime?
True
Is 95154313 composite?
True
Is 184249873 a prime number?
False
Is 89172557 prime?
False
Is 6775337 a composite number?
False
Is 334069 composite?
False
Is 612158689 prime?
False
Is 34451678 prime?
False
Is 230380015 a composite number?
True
Is 12925579 a composite number?
False
Is 51175041 composite?
True
Is 13770221 prime?
False
Is 157697 a composite number?
True
Is 11235641 a composite number?
False
Is 3504203 composite?
True
Is 82927631 composite?
False
Is 1130369 composite?
False
Is 21033003 a composite number?
True
Is 65776949 a composite number?
True
Is 714793 a composite number?
True
Is 26411909 prime?
True
Is 139466989 a composite number?
False
Is 172933 a prime number?
True
Is 54673069 prime?
False
Is 15973811 a composite number?
True
Is 1865659 composite?
False
Is 64616105 a prime number?
False
Is 8563021 prime?
False
Is 174305857 a composite number?
True
Is 451223 a prime number?
False
Is 5260811 prime?
True
Is 514399 prime?
True
Is 2355059 composite?
True
Is 82982147 a prime number?
True
Is 50511781 a composite number?
True
Is 3319361 prime?
True
Is 964147 a prime number?
False
Is 129556547 composite?
False
Is 65254529 a composite number?
False
Is 52282817 a prime number?
True
Is 38348963 a composite number?
False
Is 65675287 a composite number?
False
Is 44227031 a prime number?
True
Is 538621 a prime number?
True
Is 21892333 composite?
False
Is 44787083 a prime number?
False
Is 577111 prime?
True
Is 3269177 a prime number?
True
Is 102791897 composite?
True
Is 230552857 a prime number?
True
Is 3726739 a composite number?
False
Is 400847 prime?
False
Is 254161 a composite number?
False
Is 39584263 a prime number?
False
Is 13704439 a composite number?
True
Is 875837 a prime number?
True
Is 3974849 a composite number?
False
Is 230932439 a prime number?
True
Is 59459233 a composite number?
True
Is 5021869 prime?
True
Is 9212119 a prime number?
False
Is 6431001 composite?
True
Is 8994017 composite?
False
Is 42029191 composite?
False
Is 87990361 a prime number?
True
Is 83947447 a composite number?
True
Is 615508969 a prime number?
False
Is 48145151 composite?
False
Is 38532671 composite?
False
Is 1124351 a prime number?
True
Is 24440737 prime?
False
Is 5869009 composite?
True
Is 1518523 composite?
True
Is 10552253 composite?
False
Is 163109 a composite number?
False
Is 840851 prime?
False
Is 31753649 a composite number?
False
Is 92817839 composite?
True
Is 5936813 composite?
False
Is 3543677 a composite number?
False
Is 13263739 a composite number?
False
Is 114499117 prime?
False
Is 268356463 prime?
True
Is 31730659 a prime number?
True
Is 657383 a prime number?
True
Is 95176097 composite?
False
Is 150647 composite?
True
Is 34830821 a composite number?
True
Is 348480017 a composite number?
False
Is 28301359 a prime number?
True
Is 155300227 a composite number?
False
Is 39995926 a prime number?
False
Is 10935109 prime?
True
Is 6161369 prime?
False
Is 43405903 prime?
True
Is 39793997 a prime number?
False
Is 75048685 a prime number?
False
Is 1951102 a composite number?
True
Is 7938277 composite?
True
Is 299346017 composite?
True
Is 30202413 prime?
False
Is 7537669 composite?
False
Is 29072129 a composite number?
True
Is 9819341 a composite number?
True
Is 1119557 composite?
False
Is 24915559 prime?
False
Is 152137759 a prime number?
True
Is 29330551 a prime number?
True
Is 264266239 a composite number?
False
Is 146173831 composite?
False
Is 2723447 a composite number?
False
Is 71343109 prime?
False
Is 41757839 a composite number?
True
Is 2623363 prime?
False
Is 113016343 a prime number?
False
Is 6028537 prime?
True
Is 86437087 a composite number?
True
Is 28301905 a composite number?
True
Is 118719437 a composite number?
True
Is 7082239 a prime number?
False
Is 1924889 a prime number?
True
Is 12626987 composite?
False
Is 6164699 composite?
True
Is 87510947 prime?
True
Is 133016231 a composite number?
True
Is 537247 a prime number?
False
Is 36158951 a prime number?
False
Is 2544239 composite?
False
Is 6042991 a prime number?
False
Is 18938506 composite?
True
Is 174282443 a prime number?
True
Is 457507 a composite number?
False
Is 12289367 a composite number?
False
Is 17949377 a composite number?
False
Is 7984349 prime?
True
Is 9744677 composite?
False
Is 842130011 composite?
False
Is 171310981 prime?
True
Is 662799647 prime?
False
Is 6229787 prime?
False
Is 36825317 composite?
False
Is 402206237 a composite number?
False
Is 945811 a composite number?
False
Is 249391495 composite?
True
Is 734026433 prime?
False
Is 187672643 prime?
True
Is 58588091 a prime number?
False
Is 475591 prime?
False
Is 21119381 prime?
True
Is 8109373 prime?
False
Is 23162257 prime?
True
Is 50209123 a composite number?
False
Is 489529 a composite number?
False
Is 27687931 a prime number?
True
Is 25356827 prime?
True
Is 11785669 prime?
False
Is 162478 composite?
True
Is 123031067 a composite number?
True
Is 19585217 a prime number?
True
Is 53537141 prime?
False
Is 11074009 prime?
True
Is 544169 composite?
True
Is 371423543 a compo